{"id":2008,"date":"2023-12-17T13:14:38","date_gmt":"2023-12-17T19:14:38","guid":{"rendered":"https:\/\/shop.dnc.company\/?post_type=product&#038;p=2008"},"modified":"2025-02-08T15:10:09","modified_gmt":"2025-02-08T21:10:09","slug":"plataforma-de-marketing-digital-devmark-premium-lifetime","status":"publish","type":"product","link":"https:\/\/dnc.company\/shop\/producto\/plataforma-de-marketing-digital-devmark-premium-lifetime\/","title":{"rendered":"Plataforma de Marketing Digital DevMark Premium- Lifetime"},"content":{"rendered":"<p>Plataforma de marketing impulsada por AI todo en uno que ofrece una amplia gama de herramientas y soluciones para ayudar a las empresas a ejecutar y optimizar sus estrategias de marketing digital. Algunas formas en las que te puede ayudar son:<\/p>\n<div class=\"ha-content\">\n<ul>\n<li class=\"ha-text\">Campa\u00f1as de Email<\/li>\n<li class=\"ha-text\">Automatizaciones de Email<\/li>\n<li class=\"ha-text\">Captaci\u00f3n de Clientes<\/li>\n<li class=\"ha-text\">Segmentaci\u00f3n de audiencia<\/li>\n<li class=\"ha-text\">Gesti\u00f3n de redes sociales<\/li>\n<li class=\"ha-text\">Seguimiento y an\u00e1lisis<\/li>\n<li class=\"ha-text\">Integraciones<\/li>\n<li>5,000 env\u00edos\/mes<\/li>\n<\/ul>\n<div class=\"elementor-element elementor-element-2b1dffd elementor-widget elementor-widget-heading\" data-id=\"2b1dffd\" data-element_type=\"widget\" data-widget_type=\"heading.default\">\n<div class=\"elementor-widget-container\">\n<h4 class=\"elementor-heading-title elementor-size-default\">Sin cargos recurrentes, actualizaciones de por vida<\/h4>\n<\/div>\n<\/div>\n<div class=\"elementor-element elementor-element-4070e0d5 elementor-widget elementor-widget-text-editor\" data-id=\"4070e0d5\" data-element_type=\"widget\" data-widget_type=\"text-editor.default\">\n<div class=\"elementor-widget-container\">\n<p>Con un solo pago, tienes acceso a la plataforma por siempre, las actualizaciones y servicios que lo acompa\u00f1en.<\/p>\n<\/div>\n<\/div>\n<p>Con Garant\u00eda de devoluci\u00f3n de dinero por 60 d\u00edas. \u00a1Pru\u00e9balo durante 2 meses para asegurarte de que sea adecuado para ti!<\/p>\n<p>Cancela en todo momento.<\/p>\n<\/div>\n<p>Para m\u00e1s informaci\u00f3n visita la p\u00e1gina del producto:<a href=\"https:\/\/www.dnc.company\/marketing-digital\"> https:\/\/www.dnc.company\/marketing-digital<\/a><\/p>\n","protected":false},"excerpt":{"rendered":"<p>Plataforma de marketing impulsada por AI todo en uno que ofrece una amplia gama de herramientas y soluciones para ayudar a las empresas a ejecutar y optimizar sus estrategias de marketing digital. Algunas formas en las que te puede ayudar son: Campa\u00f1as de Email Automatizaciones de Email Captaci\u00f3n de Clientes Segmentaci\u00f3n de audiencia Gesti\u00f3n de [&hellip;]<\/p>\n","protected":false},"featured_media":2000,"template":"","meta":[],"product_brand":[],"product_cat":[57],"product_tag":[],"class_list":{"0":"post-2008","1":"product","2":"type-product","3":"status-publish","4":"has-post-thumbnail","6":"product_cat-marketing-digital","8":"first","9":"instock","10":"sale","11":"virtual","12":"taxable","13":"purchasable","14":"product-type-simple"},"_links":{"self":[{"href":"https:\/\/dnc.company\/shop\/wp-json\/wp\/v2\/product\/2008","targetHints":{"allow":["GET"]}}],"collection":[{"href":"https:\/\/dnc.company\/shop\/wp-json\/wp\/v2\/product"}],"about":[{"href":"https:\/\/dnc.company\/shop\/wp-json\/wp\/v2\/types\/product"}],"wp:featuredmedia":[{"embeddable":true,"href":"https:\/\/dnc.company\/shop\/wp-json\/wp\/v2\/media\/2000"}],"wp:attachment":[{"href":"https:\/\/dnc.company\/shop\/wp-json\/wp\/v2\/media?parent=2008"}],"wp:term":[{"taxonomy":"product_brand","embeddable":true,"href":"https:\/\/dnc.company\/shop\/wp-json\/wp\/v2\/product_brand?post=2008"},{"taxonomy":"product_cat","embeddable":true,"href":"https:\/\/dnc.company\/shop\/wp-json\/wp\/v2\/product_cat?post=2008"},{"taxonomy":"product_tag","embeddable":true,"href":"https:\/\/dnc.company\/shop\/wp-json\/wp\/v2\/product_tag?post=2008"}],"curies":[{"name":"wp","href":"https:\/\/api.w.org\/{rel}","templated":true}]}}