{"id":2028,"date":"2024-01-08T09:30:40","date_gmt":"2024-01-08T15:30:40","guid":{"rendered":"https:\/\/shop.dnc.company\/?post_type=product&#038;p=2028"},"modified":"2024-01-08T09:34:42","modified_gmt":"2024-01-08T15:34:42","slug":"suscripcion-anual-apple-developer","status":"publish","type":"product","link":"https:\/\/dnc.company\/shop\/producto\/suscripcion-anual-apple-developer\/","title":{"rendered":"Suscripci\u00f3n anual Apple Developer"},"content":{"rendered":"<p>Apple Developer es una plataforma y programa creado por Apple Inc. que proporciona a los desarrolladores de software las herramientas, recursos y documentaci\u00f3n necesarios para crear aplicaciones y programas para los dispositivos de Apple, como el iPhone, iPad, Mac, Apple Watch y Apple TV. Los desarrolladores pueden acceder a una variedad de recursos, como el software de desarrollo Xcode, el kit de desarrollo de software (SDK) de iOS y macOS, as\u00ed como tutoriales, muestras de c\u00f3digo y documentaci\u00f3n t\u00e9cnica. Adem\u00e1s, Apple Developer ofrece servicios para distribuir, monetizar y probar las aplicaciones en los diferentes mercados de Apple, como la App Store. Es un programa importante para aquellos que desean crear software para los productos de Apple y formar parte del ecosistema de desarrollo de Apple.<\/p>\n<p><strong>***Necesario para la Presencia de la App en Apple Store<\/strong><\/p>\n","protected":false},"excerpt":{"rendered":"<p>Apple Developer es una plataforma y programa creado por Apple Inc. que proporciona a los desarrolladores de software las herramientas, recursos y documentaci\u00f3n necesarios para crear aplicaciones y programas para los dispositivos de Apple, como el iPhone, iPad, Mac, Apple Watch y Apple TV. Los desarrolladores pueden acceder a una variedad de recursos, como el [&hellip;]<\/p>\n","protected":false},"featured_media":2030,"template":"","meta":[],"product_brand":[],"product_cat":[37],"product_tag":[],"class_list":{"0":"post-2028","1":"product","2":"type-product","3":"status-publish","4":"has-post-thumbnail","6":"product_cat-sin-categorizar","8":"first","9":"instock","10":"taxable","11":"shipping-taxable","12":"purchasable","13":"product-type-simple"},"_links":{"self":[{"href":"https:\/\/dnc.company\/shop\/wp-json\/wp\/v2\/product\/2028","targetHints":{"allow":["GET"]}}],"collection":[{"href":"https:\/\/dnc.company\/shop\/wp-json\/wp\/v2\/product"}],"about":[{"href":"https:\/\/dnc.company\/shop\/wp-json\/wp\/v2\/types\/product"}],"wp:featuredmedia":[{"embeddable":true,"href":"https:\/\/dnc.company\/shop\/wp-json\/wp\/v2\/media\/2030"}],"wp:attachment":[{"href":"https:\/\/dnc.company\/shop\/wp-json\/wp\/v2\/media?parent=2028"}],"wp:term":[{"taxonomy":"product_brand","embeddable":true,"href":"https:\/\/dnc.company\/shop\/wp-json\/wp\/v2\/product_brand?post=2028"},{"taxonomy":"product_cat","embeddable":true,"href":"https:\/\/dnc.company\/shop\/wp-json\/wp\/v2\/product_cat?post=2028"},{"taxonomy":"product_tag","embeddable":true,"href":"https:\/\/dnc.company\/shop\/wp-json\/wp\/v2\/product_tag?post=2028"}],"curies":[{"name":"wp","href":"https:\/\/api.w.org\/{rel}","templated":true}]}}